{"id":1924,"date":"2021-10-14T15:15:07","date_gmt":"2021-10-14T15:15:07","guid":{"rendered":"https:\/\/portafolio.purpurasolutions.com\/transparencia\/?page_id=1924"},"modified":"2022-06-14T21:29:02","modified_gmt":"2022-06-14T21:29:02","slug":"portal-de-mejora-regulatoria","status":"publish","type":"page","link":"https:\/\/portafolio.purpurasolutions.com\/transparencia\/portal-de-mejora-regulatoria\/","title":{"rendered":"Portal de Mejora Regulatoria"},"content":{"rendered":"\t\t<div data-elementor-type=\"wp-page\" data-elementor-id=\"1924\" class=\"elementor elementor-1924\">\n\t\t\t\t\t\t<section class=\"elementor-section elementor-top-section elementor-element elementor-element-1ad7eef elementor-section-full_width full-cont elementor-section-height-default elementor-section-height-default elementor-invisible\" data-id=\"1ad7eef\" data-element_type=\"section\" data-settings=\"{&quot;background_background&quot;:&quot;classic&quot;,&quot;animation&quot;:&quot;fadeIn&quot;}\">\n\t\t\t\t\t\t<div class=\"elementor-container elementor-column-gap-default\">\n\t\t\t\t\t<div class=\"elementor-column elementor-col-100 elementor-top-column elementor-element elementor-element-93a268e\" data-id=\"93a268e\" data-element_type=\"column\">\n\t\t\t<div class=\"elementor-widget-wrap elementor-element-populated\">\n\t\t\t\t\t\t<div class=\"elementor-element elementor-element-27adc95 c-page elementor-widget elementor-widget-heading\" data-id=\"27adc95\" data-element_type=\"widget\" data-widget_type=\"heading.default\">\n\t\t\t\t<div class=\"elementor-widget-container\">\n\t\t\t<style>\/*! elementor - v3.22.0 - 26-06-2024 *\/\n.elementor-heading-title{padding:0;margin:0;line-height:1}.elementor-widget-heading .elementor-heading-title[class*=elementor-size-]>a{color:inherit;font-size:inherit;line-height:inherit}.elementor-widget-heading .elementor-heading-title.elementor-size-small{font-size:15px}.elementor-widget-heading .elementor-heading-title.elementor-size-medium{font-size:19px}.elementor-widget-heading .elementor-heading-title.elementor-size-large{font-size:29px}.elementor-widget-heading .elementor-heading-title.elementor-size-xl{font-size:39px}.elementor-widget-heading .elementor-heading-title.elementor-size-xxl{font-size:59px}<\/style><h2 class=\"elementor-heading-title elementor-size-xl\">Portal de Mejora Regulatoria<\/h2>\t\t<\/div>\n\t\t\t\t<\/div>\n\t\t\t\t<div class=\"elementor-element elementor-element-b7e64a1 elementor-widget elementor-widget-html\" data-id=\"b7e64a1\" data-element_type=\"widget\" data-widget_type=\"html.default\">\n\t\t\t\t<div class=\"elementor-widget-container\">\n\t\t\t<div class=\"sec-title centred\">\n<div class=\"title-shape\"><\/div>\n <\/div>\t\t<\/div>\n\t\t\t\t<\/div>\n\t\t\t\t<div class=\"elementor-element elementor-element-49adf3f c-page elementor-widget elementor-widget-whitehall_department_details\" data-id=\"49adf3f\" data-element_type=\"widget\" data-widget_type=\"whitehall_department_details.default\">\n\t\t\t\t<div class=\"elementor-widget-container\">\n\t\t\t        \n        <!-- department-details -->\n        <section class=\"department-details bg-color-1 sec-pad-2\">\n            <div class=\"auto-container\">\n                <div class=\"row clearfix\">\n                    <div class=\"col-lg-8 col-md-12 col-sm-12 content-side\">\n                        <div class=\"department-details-content\">\n\t\t\t\t\t\t\t                            <div class=\"upper-image\">\n                                <figure class=\"image\"><img decoding=\"async\" src=\"https:\/\/portafolio.purpurasolutions.com\/transparencia\/wp-content\/uploads\/2022\/06\/hope-nuevo.jpg\" alt=\"Awesome Image\"><\/figure>\n                            <\/div>\n\t\t\t\t\t\t\t\t\t\t\t\t\t\t\n                            <div class=\"text\">\n                                <h3><\/h3>\n                                <p>Es una Pol\u00edtica P\u00fablica que consiste en la generaci\u00f3n de normas claras, de tr\u00e1mites y servicios simplificados, as\u00ed como de instituciones eficientes para su creaci\u00f3n y aplicaci\u00f3n, que se oriente a obtener el mayor valor posible de los recursos disponibles y del \u00f3ptimo funcionamiento de las actividades comerciales, productos, de servicios y de desarrollo humano de la sociedad en su conjunto.\n<br \/>\n<br \/>\n<div class=\"c_line\"><\/div><\/p>\n                            <\/div>\n\t\t\t\t\t\t\t\n\t\t\t\t\t\t\t\t\t\t\t\t\t\t\n\t\t\t\t\t\t\t\t\t\t\t\t\t\t\n\t\t\t\t\t\t\t                        <\/div>\n                    <\/div>\n\t\t\t\t\t\n                    <div class=\"col-lg-4 col-md-12 col-sm-12 sidebar-side\">\n                        <div class=\"department-sidebar\">\n                            <div id=\"block-30\" class=\"widget sidebar-widget widget_block\"><div class=\"department-widget widget widget_nav_menu menu-tool\">\n<div class=\"title\">\n<h3>HERRAMIENTAS DE LA MEJORA REGULATORIA<\/h3>\n<div class=\"c_line\"><\/div>\n<p><\/p><\/div>\n<div class=\"menu-services-sidebar-container\">\n<ul id=\"menu-services-sidebar\" class=\"menu\">\n<li class=\"menu-item menu-item-type-post_type menu-item-object-page\">\n        <a style=\"padding: 4px !important;\" href=\"\/portal-de-mejora-regulatoria\/sistema-de-apertura-rapida-de-empresas-sare\/\"><br>\n          &nbsp;&nbsp;SARE<br>\n        <\/a>\n      <\/li>\n<li class=\"menu-item menu-item-type-post_type menu-item-object-page\">\n        <a style=\"padding: 4px !important;\" href=\"\/portal-de-mejora-regulatoria\/registro-estatal-de-tramites-y-servicios-retys\/\"><br>\n          &nbsp;&nbsp;RETyS<br>\n        <\/a>\n      <\/li>\n<li class=\"menu-item menu-item-type-post_type menu-item-object-page\">\n        <a style=\"padding: 4px !important;\" href=\"\/portal-de-mejora-regulatoria\/simplifica\/\"><br>\n          &nbsp;&nbsp;SIMPLIFICA<br>\n        <\/a>\n      <\/li>\n<\/ul><\/div>\n<\/div><\/div>                        <\/div>\n                    <\/div>\n                <\/div>\n            <\/div>\n        <\/section>\n        <!-- department-details end -->\n\n        \t\t<\/div>\n\t\t\t\t<\/div>\n\t\t\t\t<section class=\"elementor-section elementor-inner-section elementor-element elementor-element-59757c8 elementor-section-boxed elementor-section-height-default elementor-section-height-default\" data-id=\"59757c8\" data-element_type=\"section\">\n\t\t\t\t\t\t<div class=\"elementor-container elementor-column-gap-default\">\n\t\t\t\t\t<div class=\"elementor-column elementor-col-100 elementor-inner-column elementor-element elementor-element-1b6c6b6\" data-id=\"1b6c6b6\" data-element_type=\"column\">\n\t\t\t<div class=\"elementor-widget-wrap elementor-element-populated\">\n\t\t\t\t\t\t<div class=\"elementor-element elementor-element-f10f5bf elementor-widget elementor-widget-heading\" data-id=\"f10f5bf\" data-element_type=\"widget\" data-widget_type=\"heading.default\">\n\t\t\t\t<div class=\"elementor-widget-container\">\n\t\t\t<h2 class=\"elementor-heading-title elementor-size-default\">El objetivo de la Mejora Regulatoria es<\/h2>\t\t<\/div>\n\t\t\t\t<\/div>\n\t\t\t\t<div class=\"elementor-element elementor-element-f655745 elementor-align-left elementor-icon-list--layout-traditional elementor-list-item-link-full_width elementor-widget elementor-widget-icon-list\" data-id=\"f655745\" data-element_type=\"widget\" data-widget_type=\"icon-list.default\">\n\t\t\t\t<div class=\"elementor-widget-container\">\n\t\t\t<link rel=\"stylesheet\" href=\"https:\/\/portafolio.purpurasolutions.com\/transparencia\/wp-content\/plugins\/elementor\/assets\/css\/widget-icon-list.min.css\">\t\t<ul class=\"elementor-icon-list-items\">\n\t\t\t\t\t\t\t<li class=\"elementor-icon-list-item\">\n\t\t\t\t\t\t\t\t\t\t\t<span class=\"elementor-icon-list-icon\">\n\t\t\t\t\t\t\t<i aria-hidden=\"true\" class=\"fas fa-square\"><\/i>\t\t\t\t\t\t<\/span>\n\t\t\t\t\t\t\t\t\t\t<span class=\"elementor-icon-list-text\">Eficientar el Marco Jur\u00eddico.<\/span>\n\t\t\t\t\t\t\t\t\t<\/li>\n\t\t\t\t\t\t\t\t<li class=\"elementor-icon-list-item\">\n\t\t\t\t\t\t\t\t\t\t\t<span class=\"elementor-icon-list-icon\">\n\t\t\t\t\t\t\t<i aria-hidden=\"true\" class=\"fas fa-square\"><\/i>\t\t\t\t\t\t<\/span>\n\t\t\t\t\t\t\t\t\t\t<span class=\"elementor-icon-list-text\">Simplificaci\u00f3n de Tr\u00e1mites y Servicios.<\/span>\n\t\t\t\t\t\t\t\t\t<\/li>\n\t\t\t\t\t\t\t\t<li class=\"elementor-icon-list-item\">\n\t\t\t\t\t\t\t\t\t\t\t<span class=\"elementor-icon-list-icon\">\n\t\t\t\t\t\t\t<i aria-hidden=\"true\" class=\"fas fa-square\"><\/i>\t\t\t\t\t\t<\/span>\n\t\t\t\t\t\t\t\t\t\t<span class=\"elementor-icon-list-text\">Facilitar la Apertura de Empresas.<\/span>\n\t\t\t\t\t\t\t\t\t<\/li>\n\t\t\t\t\t\t\t\t<li class=\"elementor-icon-list-item\">\n\t\t\t\t\t\t\t\t\t\t\t<span class=\"elementor-icon-list-icon\">\n\t\t\t\t\t\t\t<i aria-hidden=\"true\" class=\"fas fa-square\"><\/i>\t\t\t\t\t\t<\/span>\n\t\t\t\t\t\t\t\t\t\t<span class=\"elementor-icon-list-text\">Fomentar la Inversi\u00f3n.<\/span>\n\t\t\t\t\t\t\t\t\t<\/li>\n\t\t\t\t\t\t\t\t<li class=\"elementor-icon-list-item\">\n\t\t\t\t\t\t\t\t\t\t\t<span class=\"elementor-icon-list-icon\">\n\t\t\t\t\t\t\t<i aria-hidden=\"true\" class=\"fas fa-square\"><\/i>\t\t\t\t\t\t<\/span>\n\t\t\t\t\t\t\t\t\t\t<span class=\"elementor-icon-list-text\">Generaci\u00f3n de Empleos.<\/span>\n\t\t\t\t\t\t\t\t\t<\/li>\n\t\t\t\t\t\t\t\t<li class=\"elementor-icon-list-item\">\n\t\t\t\t\t\t\t\t\t\t\t<span class=\"elementor-icon-list-icon\">\n\t\t\t\t\t\t\t<i aria-hidden=\"true\" class=\"fas fa-square\"><\/i>\t\t\t\t\t\t<\/span>\n\t\t\t\t\t\t\t\t\t\t<span class=\"elementor-icon-list-text\">Incrementar el Desarrollo Econ\u00f3mico.<\/span>\n\t\t\t\t\t\t\t\t\t<\/li>\n\t\t\t\t\t\t\t\t<li class=\"elementor-icon-list-item\">\n\t\t\t\t\t\t\t\t\t\t\t<span class=\"elementor-icon-list-icon\">\n\t\t\t\t\t\t\t<i aria-hidden=\"true\" class=\"fas fa-square\"><\/i>\t\t\t\t\t\t<\/span>\n\t\t\t\t\t\t\t\t\t\t<span class=\"elementor-icon-list-text\">Elevar la Calidad de gesti\u00f3n P\u00fablica.<\/span>\n\t\t\t\t\t\t\t\t\t<\/li>\n\t\t\t\t\t\t<\/ul>\n\t\t\t\t<\/div>\n\t\t\t\t<\/div>\n\t\t\t\t<div class=\"elementor-element elementor-element-3c66996 c-page elementor-widget elementor-widget-heading\" data-id=\"3c66996\" data-element_type=\"widget\" data-widget_type=\"heading.default\">\n\t\t\t\t<div class=\"elementor-widget-container\">\n\t\t\t<h2 class=\"elementor-heading-title elementor-size-xl\">Fundamentaci\u00f3n Jur\u00eddica<\/h2>\t\t<\/div>\n\t\t\t\t<\/div>\n\t\t\t\t<div class=\"elementor-element elementor-element-fbb63e1 elementor-widget elementor-widget-html\" data-id=\"fbb63e1\" data-element_type=\"widget\" data-widget_type=\"html.default\">\n\t\t\t\t<div class=\"elementor-widget-container\">\n\t\t\t<div class=\"sec-title centred\">\n<div class=\"title-shape\"><\/div>\n <\/div>\t\t<\/div>\n\t\t\t\t<\/div>\n\t\t\t\t\t<\/div>\n\t\t<\/div>\n\t\t\t\t\t<\/div>\n\t\t<\/section>\n\t\t\t\t<section class=\"elementor-section elementor-inner-section elementor-element elementor-element-0adda5b elementor-section-boxed elementor-section-height-default elementor-section-height-default\" data-id=\"0adda5b\" data-element_type=\"section\">\n\t\t\t\t\t\t<div class=\"elementor-container elementor-column-gap-default\">\n\t\t\t\t\t<div class=\"elementor-column elementor-col-100 elementor-inner-column elementor-element elementor-element-10361f5\" data-id=\"10361f5\" data-element_type=\"column\">\n\t\t\t<div class=\"elementor-widget-wrap elementor-element-populated\">\n\t\t\t\t\t\t<div class=\"elementor-element elementor-element-d31f666 green-cont elementor-widget elementor-widget-text-editor\" data-id=\"d31f666\" data-element_type=\"widget\" data-widget_type=\"text-editor.default\">\n\t\t\t\t<div class=\"elementor-widget-container\">\n\t\t\t<style>\/*! elementor - v3.22.0 - 26-06-2024 *\/\n.elementor-widget-text-editor.elementor-drop-cap-view-stacked .elementor-drop-cap{background-color:#69727d;color:#fff}.elementor-widget-text-editor.elementor-drop-cap-view-framed .elementor-drop-cap{color:#69727d;border:3px solid;background-color:transparent}.elementor-widget-text-editor:not(.elementor-drop-cap-view-default) .elementor-drop-cap{margin-top:8px}.elementor-widget-text-editor:not(.elementor-drop-cap-view-default) .elementor-drop-cap-letter{width:1em;height:1em}.elementor-widget-text-editor .elementor-drop-cap{float:left;text-align:center;line-height:1;font-size:50px}.elementor-widget-text-editor .elementor-drop-cap-letter{display:inline-block}<\/style>\t\t\t\t<p><a href=\"https:\/\/portafolio.purpurasolutions.com\/transparencia\/wp-content\/uploads\/2022\/06\/01.-Constitucion-Politica-de-los-Estados-Unidos-Mexicanos.pdf\" target=\"_blank\" rel=\"noopener\"><span style=\"color: #ffffff;\">Constituci\u00f3n Pol\u00edtica de los Estados Unidos Mexicanos<\/span><\/a><\/p><p><a href=\"https:\/\/portafolio.purpurasolutions.com\/transparencia\/wp-content\/uploads\/2022\/06\/02.-Constitucion-Politica-del-Estado-de-Campeche.pdf\" target=\"_blank\" rel=\"noopener\"><span style=\"color: #ffffff;\">Constituci\u00f3n Pol\u00edtica del Estado de Campeche<\/span><\/a><\/p><p><a href=\"https:\/\/portafolio.purpurasolutions.com\/transparencia\/wp-content\/uploads\/2022\/06\/03.-Ley-Gerneral-de-Mejora-Regulatoria.pdf\" target=\"_blank\" rel=\"noopener\"><span style=\"color: #ffffff;\">Ley General de Mejora Regulatoria<\/span><\/a><\/p><p><a href=\"https:\/\/portafolio.purpurasolutions.com\/transparencia\/wp-content\/uploads\/2022\/06\/04.-Ley_de_Mejora_Regulatoria_para_el_Estado_de_Campeche.pdf\" target=\"_blank\" rel=\"noopener\"><span style=\"color: #ffffff;\">Ley de Mejora Regulatoria para el Estado de Campeche y sus Municipios<\/span><\/a><\/p><p><a href=\"https:\/\/portafolio.purpurasolutions.com\/transparencia\/wp-content\/uploads\/2022\/06\/05.-Ley-Organica-de-los-Municipios-del-Estado-de-Campeche.pdf\" target=\"_blank\" rel=\"noopener\"><span style=\"color: #ffffff;\">Ley Org\u00e1nica de los Municipios del Estado de Campeche<\/span><\/a><\/p><p><a href=\"https:\/\/portafolio.purpurasolutions.com\/transparencia\/wp-content\/uploads\/2022\/06\/06.-Reglamento-Municipal-de-Mejora-Regulatoria-para-el-Municipio-de-Hopelchen.pdf\" target=\"_blank\" rel=\"noopener\"><span style=\"color: #ffffff;\">Reglamento Municipal de Mejora Regulatoria para el Municipio de Hopelch\u00e9n<\/span><\/a><\/p><p><a href=\"https:\/\/portafolio.purpurasolutions.com\/transparencia\/wp-content\/uploads\/2022\/06\/07.-Plan-Estatal-de-Desarrollo-2021-2027.pdf\" target=\"_blank\" rel=\"noopener\"><span style=\"color: #ffffff;\">Plan Estatal de Desarrollo 2021 &#8211; 2027 del Estado de Campeche<\/span><\/a><\/p>\t\t\t\t\t\t<\/div>\n\t\t\t\t<\/div>\n\t\t\t\t\t<\/div>\n\t\t<\/div>\n\t\t\t\t\t<\/div>\n\t\t<\/section>\n\t\t\t\t\t<\/div>\n\t\t<\/div>\n\t\t\t\t\t<\/div>\n\t\t<\/section>\n\t\t\t\t<\/div>\n\t\t","protected":false},"excerpt":{"rendered":"<p>Portal de Mejora Regulatoria Es una Pol\u00edtica P\u00fablica que consiste en la generaci\u00f3n de normas claras, de tr\u00e1mites y servicios simplificados, as\u00ed como de instituciones eficientes para su creaci\u00f3n y aplicaci\u00f3n, que se oriente a obtener el mayor valor posible de los recursos disponibles y del \u00f3ptimo funcionamiento de las actividades comerciales, productos, de servicios [&hellip;]<\/p>\n","protected":false},"author":1,"featured_media":0,"parent":0,"menu_order":0,"comment_status":"closed","ping_status":"closed","template":"","meta":{"footnotes":""},"amp_enabled":true,"_links":{"self":[{"href":"https:\/\/portafolio.purpurasolutions.com\/transparencia\/wp-json\/wp\/v2\/pages\/1924"}],"collection":[{"href":"https:\/\/portafolio.purpurasolutions.com\/transparencia\/wp-json\/wp\/v2\/pages"}],"about":[{"href":"https:\/\/portafolio.purpurasolutions.com\/transparencia\/wp-json\/wp\/v2\/types\/page"}],"author":[{"embeddable":true,"href":"https:\/\/portafolio.purpurasolutions.com\/transparencia\/wp-json\/wp\/v2\/users\/1"}],"replies":[{"embeddable":true,"href":"https:\/\/portafolio.purpurasolutions.com\/transparencia\/wp-json\/wp\/v2\/comments?post=1924"}],"version-history":[{"count":103,"href":"https:\/\/portafolio.purpurasolutions.com\/transparencia\/wp-json\/wp\/v2\/pages\/1924\/revisions"}],"predecessor-version":[{"id":5755,"href":"https:\/\/portafolio.purpurasolutions.com\/transparencia\/wp-json\/wp\/v2\/pages\/1924\/revisions\/5755"}],"wp:attachment":[{"href":"https:\/\/portafolio.purpurasolutions.com\/transparencia\/wp-json\/wp\/v2\/media?parent=1924"}],"curies":[{"name":"wp","href":"https:\/\/api.w.org\/{rel}","templated":true}]}}